 15*u, 0 = -2*i + f*u + 90. What is the highest common divisor of 53 and i?
53
Let s = -16188 + 16213. Suppose 4*m - 14 = -3*t - 3, 0 = -5*t - 5*m + 15. What is the highest common divisor of s and t?
1
Let c be ((-16)/24)/((-1)/6). Suppose 4*g + w = 121, 0*g = 5*g + c*w - 154. Suppose 31*m = -38 + 658. What is the highest common divisor of g and m?
10
Let c(x) = 3*x**2 - 2*x**2 + 5*x - 2*x - 52 - 6*x. Let g be c(14). What is the highest common factor of g and 12?
6
Suppose 0 = -3*i + 4*h + 4351, 2*h = -2*i + 2527 + 397. Calculate the greatest common factor of i and 155.
31
Suppose -5*a + 0*a = 11*a. Suppose 5*s - b - 1315 = 0, 4*s + s - 2*b - 1310 = a. What is the greatest common divisor of s and 33?
33
Suppose 100*o - 2110 = -10. What is the highest common divisor of o and 98?
7
Let q(v) = -6*v - 84. Let w(t) = -12*t - 165. Let l(u) = 9*q(u) - 4*w(u). Let a be l(-17). Calculate the highest common divisor of 138 and a.
6
Let i(t) = 3*t**2 + 3*t + 3. Let k be i(-5). Suppose -61*f + 224 = -53*f. Suppose 1085*z = 1089*z - f. What is the greatest common divisor of k and z?
7
Let f = -125 + 153. Suppose -m + 8*m = 1687. Suppose -2*h = -4*t + 1226, t + 4*h - m = 79. What is the greatest common divisor of t and f?
28
Let l be 27750/225 + 3/(-9). Calculate the greatest common divisor of 533 and l.
41
Let b(o) = -o**2 - 11*o + 48. Let f be b(-13). Suppose -2586 - 2430 = -f*a. What is the greatest common divisor of 171 and a?
57
Let y = 501 + -461. What is the greatest common divisor of 1336 and y?
8
Suppose 3*l - 3 = -0*l - 3*n, 2*n + 10 = 2*l. Let w be (120/(-35))/(l/(-21)). Calculate the highest common divisor of 32 and w.
8
Let t(y) = -16*y - 89. Let l be t(-5). Let c be ((-20)/3 + 6)/(3/l). Calculate the greatest common divisor of 19 and c.
1
Let v be (-18)/6 + 54 + -3. Let z = 19 + -37. Let d = 30 + z. Calculate the highest common divisor of v and d.
12
Let d = 30351 + -30085. Calculate the greatest common divisor of d and 1022.
14
Let p be 142/(-923) + 626/13. What is the greatest common factor of 60 and p?
12
Let u(h) = h**3 + 6*h**2 + 17. Let p be u(-6). Suppose -g + p = -5*l, 56*g + 4*l = 53*g + 89. What is the greatest common divisor of 9 and g?
9
Let b = -2961 - -3030. Calculate the highest common divisor of b and 4646.
23
Let y(m) = -51*m + 410. Let k be y(8). Suppose 3*f - 3*u = 6*f - 30, -3*u = -k*f + 30. What is the greatest common factor of f and 28?
4
Let g(m) = 30*m**3 + 196*m**2 + 13*m - 1. Let q be g(-5). Calculate the highest common factor of 20 and q.
4
Let w = 902 + -441. Suppose 11*s = 859 + w. What is the greatest common divisor of 180 and s?
60
Let o be ((-3)/(-6) - 1)*-18 - 3. Suppose 10*v - o*v = -16. Let q = 14 - v. Calculate the highest common divisor of 126 and q.
18
Let u be (54/(-10))/(2046/(-17050)). Suppose -3*d + 135 = -2*d. Calculate the highest common divisor of u and d.
45
Let h be 12/(3*(-4)/(-8)). Let f(b) = b**2 - 5*b + 62. Let r be f(h). What is the highest common factor of 430 and r?
86
Suppose -4*j + 364 + 332 = 4*o, 5*o = -2*j + 876. Let u be (234/(-52))/(21/(-14)) + 29. What is the highest common factor of u and o?
16
Let n be 36/(6/(-9)*(-24)/32). Calculate the greatest common factor of 162 and n.
18
Let g(q) = q**2 + 18*q - 22. Let f(k) = k**2 - k. Let y(r) = 2*f(r) - g(r). Let h be y(23). What is the highest common divisor of h and 26?
13
Let t = 19 - 7. Let a(n) be the first derivative of -15*n**2/2 - 8. Let s be a(-4). What is the greatest common divisor of t and s?
12
Let n(c) = c**2 - 19*c + 15. Let l be n(19). Suppose -l*q + 876 = -39. Calculate the greatest common divisor of q and 61.
61
Let n be 135/(-4 + -11) + 57*1. What is the greatest common factor of n and 1548?
12
Let c(y) = 5*y**2 - 36*y - 51. Let v be c(18). Calculate the highest common divisor of v and 6.
3
Let l = -143 + 162. Suppose -3*c + l + 50 = w, 2*w - 171 = 5*c. What is the highest common factor of w and 6?
6
Let r be 7*(-4)/(-70) + (-68)/10*-12. Suppose 82 = 4*k - 82. What is the greatest common divisor of k and r?
41
Suppose -2*u + 427 = 53. What is the greatest common factor of 77 and u?
11
Let r(w) = 3*w**3 + 11*w**2 - 45*w + 52. Let v be r(10). What is the highest common divisor of 6 and v?
6
Let i be ((-240)/6)/5*-5*1. Let a(p) = 6 - p + 0*p + 8. Let u be a(6). What is the highest common divisor of i and u?
8
Let h = 6286 - 6233. Calculate the greatest common factor of 4028 and h.
53
Suppose 17721 = -0*l + 4*l - 9*h, -4 = 4*h. Calculate the highest common divisor of l and 432.
108
Let i = -836 + 839. Suppose 2*m + 897 = q, -100*q - i*m + 3566 = -96*q. Calculate the greatest common factor of 47 and q.
47
Let g(y) = -246*y - 1219. Let c be g(-5). Calculate the highest common factor of 37103 and c.
11
Suppose -5*n + 232 = -2*q, q + 580 = -4*q + 2*n. Let j = -87 - q. What is the highest common divisor of j and 203?
29
Let t(k) = -k**3 - 26*k**2 - 25*k + 4. Let o be t(-25). Suppose -714 + 394 = -o*c. What is the greatest common divisor of 8 and c?
8
Suppose -72*r = -480*r + 456144. Suppose -3*n = n - 344. What is the greatest common factor of r and n?
86
Let b = -96 - -67. Let n = 70 - b. Calculate the highest common divisor of n and 22.
11
Let t(b) = -b**2 + 21*b + 36. Let d be t(15). Let z = 165 - 81. Suppose 5*i - 3*i = z. What is the highest common divisor of d and i?
42
Let k be (-440)/(-6)*(-16815)/(-380). What is the highest common factor of k and 11?
11
Suppose 188*x - 1963 - 7625 = 0. What is the greatest common divisor of 33 and x?
3
Suppose -279 = -32*v + 1065. What is the highest common divisor of 783 and v?
3
Let t be 477/6 + (-1)/(-2). Let y(o) = 4*o + 20. Let r = -183 + 186. Let a be y(r). What is the highest common factor of a and t?
16
Let v(n) = -2*n**2 + 2*n + 51. Let k be v(23). Let o = k + 1453. Calculate the greatest common divisor of 12 and o.
12
Let g(a) = 8*a + 1. Let t be g(5). Suppose 246*y - 9 = 255*y. Let u be 0 + (3 + y)/((-3)/(-123)). Calculate the greatest common divisor of u and t.
41
Let f = 338 - 91. Let i(y) = -y**2 + 15*y - 31. Let r be i(5). What is the highest common factor of r and f?
19
Suppose b = 5*d - 1451, 2*d - 581 = 83*b - 82*b. Calculate the highest common divisor of d and 232.
58
Suppose 3*a = -3*u + 276, -2*a - 3 - 1 = 0. Let k be (-600)/30 + (6 - 0). Let q = k + u. Calculate the highest common factor of 32 and q.
16
Let t(h) = -16*h**2 + 52*h - 2. Let i be t(3). Let q be (0 - 32/i)*(-330)/12. What is the highest common factor of 220 and q?
44
Let j = -66 + 71. Let g = j + 57. Suppose -g - 224 = -2*z. What is the greatest common divisor of 13 and z?
13
Let j(d) = -20*d + 2993. Let c be j(86). What is the highest common divisor of 134 and c?
67
Suppose 381*t = -2*h + 386*t + 360, 5*t = -3*h + 540. What is the greatest common divisor of 90 and h?
90
Let h(t) = 2638*t**2 + 2*t - 8. Let l be h(1). Calculate the greatest common factor of l and 8.
8
Let u = -137 - -147. Let s be 81/(-45) + (-2)/10. Let k be (11 - 15)*(1 + s). Calculate the highest common divisor of k and u.
2
Suppose 0 = 42*h - 138232 + 29620. What is the highest common factor of h and 6?
6
Let o(u) = -8*u + 54. Let n(t) = 7*t - 53. Let m(a) = -5*n(a) - 4*o(a). Let f be m(-7). Calculate the greatest common divisor of 560 and f.
70
Let m be 882/21*-3*8/(-42). What is the highest common factor of 544 and m?
8
Suppose 98 + 86 = -2*m - 5*g, -5*m - 4*g = 477. Let c = m - -297. What is the greatest common factor of c and 120?
40
Let h(i) = -51*i + 711. Let w be h(6). What is the highest common divisor of 2268 and w?
81
Let w(b) = -b**2 + 19*b - 79. Let l be w(7). Suppose l*p + 0 = 100. Calculate the greatest common factor of 60 and p.
20
Let c(t) = 4*t**2 - 24*t - 15. Let w be c(7). Suppose w*v - 194 = 92. What is the highest common divisor of v and 198?
22
Let l(n) = 15*n + 263. Let g(d) = 4*d + 88. Let h(b) = 14*g(b) - 4*l(b). Let a be h(-43). Calculate the greatest common divisor of a and 11.
11
Let a(m) = 28*m + 8. Let t be a(6). Suppose -1227*z = -1222*z + 5*q - 70, -3*q = z + 6. Calculate the greatest common factor of z and t.
8
Suppose -6 - 54 = -10*l. Let z be ((-2)/l)/(2/(-258)). Let f = z + -19. What is the highest common divisor of f and 264?
24
Suppose 0 = 17*w + 43*w - 28200. Let r = -419 + w. What is the h